 471. Suppose -2*f = 1 + 1, -3*i + 5*f + w = 0. Calculate the greatest common divisor of 10 and i.
10
Suppose -9*w + 2*w = -280. Calculate the highest common divisor of w and 10.
10
Let z = 176 + -47. Suppose 0 = 2*w - 53 - z. Let g be 1/(-1 - (-28)/26). Calculate the highest common factor of g and w.
13
Suppose -g + 5 + 6 = 0. Suppose 5*k - 151 - 74 = 0. Let w be (9/k)/(2/10). Calculate the greatest common divisor of g and w.
1
Let l = 67 - 42. What is the highest common factor of 5 and l?
5
Let j be (29 - 1)*(3 + -2). Let p = 28 - 14. Calculate the greatest common divisor of j and p.
14
Let b be (6/(-2) + 3)/(-1). Suppose -4*a + 61 - 13 = b. Calculate the highest common divisor of 36 and a.
12
Let h be 4/4 + -3 + 33. Calculate the greatest common factor of h and 31.
31
Let j(y) = y + 8. Let m be j(-5). Suppose 0*t = -m*t + 9. Let f be 3/6 + (-34)/(-4). What is the highest common factor of t and f?
3
Suppose 0 = -z - 25 + 31. Let r = 59 - 41. What is the highest common divisor of r and z?
6
Let z = 7 - 0. Let q = -2 + z. Let c be (3 + -5)/((-4)/10). What is the highest common divisor of c and q?
5
Suppose 39 = 4*d - 3*q - 15, -18 = -2*d - 3*q. Suppose -5*g + 30 = -5*h, 0 = -4*g + 6*g + 5*h - d. Calculate the greatest common divisor of g and 3.
3
Let t(h) = -h**3 - 4*h**2 - 3*h - 3. Let l be t(-3). Let w be 2 - (1 + 0) - l. Let a be (-6)/3*(-11 + 3). Calculate the greatest common factor of w and a.
4
Let z be (-2)/4*2 - 7*-43. Calculate the greatest common divisor of 30 and z.
30
Let g = 43 - 21. Suppose 4*v - g - 26 = -4*x, -8 = -v + x. Calculate the highest common factor of v and 70.
10
Let c = 2 + 12. Calculate the greatest common divisor of 35 and c.
7
Let h(v) = -3 + 3 + 2*v - 8. Let u be h(6). Calculate the greatest common divisor of u and 8.
4
Let l be 85/(-20) - 1/(-4). Let q = l - -11. Calculate the greatest common factor of q and 56.
7
Suppose 0 = -6*x + 3*x. Suppose 0 = -2*n - x*n + 32. What is the highest common factor of n and 8?
8
Let v(h) = -28*h**3 - h**2 - 2*h - 1. Let r be v(-1). Calculate the greatest common factor of 308 and r.
28
Let s = 137 - 67. What is the greatest common factor of s and 175?
35
Let g(m) = -3*m - 3*m - 2*m**2 + 3*m - 2*m**2 - 1 - 3*m**3. Let q be g(-2). Calculate the greatest common factor of 26 and q.
13
Suppose 4*f - 5*i = 63, -4*i = -5*f + 64 + 8. Calculate the greatest common divisor of 12 and f.
12
Let i be (1/(-2))/(1/20). Let t(k) = -4*k + k + 0*k + k - 14. Let u be t(i). What is the highest common divisor of u and 24?
6
Let o = 4 + 2. Let x be (-1)/3 - (-260)/o. Suppose q - 89 = -f, -5*q - 142 - x = -2*f. What is the greatest common divisor of 9 and f?
9
Suppose -4*k - 195 = -5*y - 655, -3*y = 3*k - 318. What is the greatest common divisor of k and 22?
22
Let o(n) = -n**3 - n**2 + 2*n + 2. Let a be o(-2). Suppose -3*p - a*p = -10. What is the greatest common factor of 1 and p?
1
Suppose 2*n - 4*l = 0, 2*l = 3*n - l. Suppose -3 + 2 = -i, n = 4*b + i - 41. What is the greatest common factor of b and 2?
2
Let z = -6 + 17. Let q(c) = c**2 + 4*c + 2. Let d be q(-4). Suppose -d*x - 5*n = -181, x + 3*x = -3*n + 355. Calculate the highest common factor of z and x.
11
Suppose 2*s - 5*i = -0*s + 10, -4*s = -5*i - 30. Calculate the highest common factor of 10 and s.
10
Let j = 1 - 2. Let d be (-46)/(j/(-10)*-1). Suppose -4*t = 4*c - 125 - 339, 3*c - d = -4*t. Calculate the greatest common divisor of 14 and t.
14
Let c be (-3 + 3)*2/4. Suppose c = -r + 4*r. Suppose -3*u + 51 - 12 = r. What is the greatest common divisor of 65 and u?
13
Suppose 212 = -4*y - 52. Let j(c) = -18*c + 8. Let g be j(-6). Let x = y + g. What is the highest common factor of 10 and x?
10
Let j = 5 - 3. Suppose 0 = -3*g - b + 35, -3*g - j*g = -3*b - 63. What is the greatest common factor of 30 and g?
6
Let t = 7 + -6. Let u = t - -5. Let x(s) = 4*s + 8. Let o be x(u). What is the greatest common factor of 8 and o?
8
Let h(k) = k**3 - 2*k**2 + k - 4. Let v = -7 + 11. Let y be h(v). What is the highest common divisor of 80 and y?
16
Let r = -5 - -13. Let q(z) = -z**2 - 11*z - 5. Let v be q(-10). Suppose -4*l + 206 = -l - 5*g, 3*g = -v*l + 366. What is the greatest common factor of r and l?
8
Suppose w - 27 = -11. Suppose 0 = -d, -2*d + 149 - 53 = 4*j. What is the greatest common factor of w and j?
8
Let b(f) = -f**2 - 11*f - 8. Let h be b(-9). Suppose 2*j + d = h, d + 29 + 3 = 5*j. What is the highest common divisor of 30 and j?
6
Let n(h) = h**2 + 2*h + 2. Let g be n(-4). Suppose t - 12 = -y, 4*t + t + g = 0. Calculate the highest common divisor of 21 and y.
7
Let l(w) = w + 12. Let h(f) = -2*f + 9. Let o be h(7). Let g be l(o). Suppose -14 = -2*r + 56. Calculate the highest common divisor of r and g.
7
Let r(f) = -11*f**3 - f**2 - f + 4. Let v be r(-2). Calculate the greatest common factor of v and 18.
18
Suppose 3*t + 2*t - 725 = 0. Suppose -t = -5*v + 5. Calculate the highest common divisor of v and 20.
10
Let x = -7 + 9. Let z = 3 + x. Calculate the greatest common divisor of z and 15.
5
Let t = -27 + 77. Suppose -2*k + 0*k = -8, -t = -5*g + 5*k. Calculate the greatest common divisor of g and 21.
7
Let u(m) = -m**2 + 4*m - 1. Let f be u(5). Let z = f - -10. Suppose -j - z*j = a + 6, 4*a - 21 = -5*j. Calculate the greatest common divisor of a and 3.
3
Suppose 5*k = 5 + 105. Calculate the greatest common divisor of k and 154.
22
Let y = 73 + 12. What is the greatest common factor of y and 34?
17
Let m(z) = 4*z**2 + 7*z + 1. Let d be m(-5). Calculate the greatest common factor of d and 22.
22
Suppose -d + q + 65 = 0, 2*d - q - 21 = 109. Calculate the greatest common factor of d and 26.
13
Suppose 15*d + 144 = 18*d. What is the greatest common divisor of d and 128?
16
Let k be (-2 + -6)*(-2 + 0). What is the highest common divisor of k and 80?
16
Let p(y) be the third derivative of y**5/10 + y**4/6 + y**3/2 - 13*y**2. Let u be p(-2). Suppose -c + 190 = c. Calculate the highest common factor of u and c.
19
Suppose 25 = 5*t, -3*t = -4*r - 2*t + 7. What is the greatest common factor of r and 21?
3
Suppose -4*w + 2*k = -8*w + 20, -5*w - 5 = -5*k. Let o(f) = f**2 - 6*f + 15. Let x be o(6). Calculate the greatest common divisor of x and w.
3
Let w = -114 - -208. Let m = w - 22. What is the greatest common divisor of 18 and m?
18
Let g(w) = 485*w**2 - 9*w + 8. Let i be g(1). What is the highest common divisor of i and 44?
44
Let c = 96 - 69. Calculate the highest common factor of c and 243.
27
Let h(g) = g + 2. Let k be h(1). Let x be k + (-2 - -4) - 3. Calculate the greatest common factor of x and 10.
2
Let o be 3 - (-4)/6*21. Suppose w - o = 33. Let i(n) = -7*n - 1. Let q be i(-3). What is the highest common divisor of w and q?
10
Let a = -4 - -4. Suppose -4*f + 5*s - 3*s = -28, -5*f = -2*s - 33. Suppose a*l = -f*l + 220. Calculate the greatest common divisor of 11 and l.
11
Suppose f + 3*f - 540 = 0. Calculate the highest common factor of f and 27.
27
Let j(c) = -c**3 - 2*c - 2. Let t be j(-1). Suppose -t = -5*a + 29. Calculate the highest common divisor of a and 48.
6
Suppose 2*u - 8 - 4 = 0. Let a(s) = 0*s**2 + 8 + 5*s + 0*s - s**2. Let f be a(u). What is the greatest common factor of 5 and f?
1
Suppose -90 = -p - 4*p. Let m = 452 - 290. Calculate the highest common divisor of m and p.
18
Let d be (0 - -2) + (1 - -2). Suppose 4*n - 15 = d*r, 4*n + 2*r - 13 - 9 = 0. What is the highest common factor of 20 and n?
5
Let f(x) = -5*x**3 + 2*x**2 + 3*x. Let g be f(-3). Calculate the highest common factor of g and 16.
16
Suppose -h = 4 - 48. Calculate the highest common divisor of h and 22.
22
Let i = 4 - -11. What is the highest common divisor of i and 45?
15
Let d be (-2)/(-2) + (3 - 0). Let x(r) = r**2 + 3*r - 4. Let i be x(d). What is the greatest common divisor of 60 and i?
12
Let o be (1/(-3))/((-2)/24). Suppose 4*s - 19 = 13. Calculate the highest common divisor of o and s.
4
Suppose 3*b = -b + 40. Calculate the highest common divisor of b and 4.
2
Let l(w) = w**3 - 8*w**2 - 8*w + 1. Let t be l(9). What is the greatest common factor of 50 and t?
10
Let y = -143 + 150. Let n = 6 + -8. Let u be 5 - (1 + 6/n). What is the greatest common factor of y and u?
7
Suppose -3*l + 4 = -l. Suppose -5*p + 56 = -p. Calculate the highest common fa